{"id":1648,"date":"2023-03-16T13:53:41","date_gmt":"2023-03-16T13:53:41","guid":{"rendered":"https:\/\/tecnologia.vamtam.com\/?page_id=1648"},"modified":"2024-10-06T14:09:52","modified_gmt":"2024-10-06T14:09:52","slug":"protection-donnees-cookies","status":"publish","type":"page","link":"https:\/\/digital.neptween.com\/?page_id=1648","title":{"rendered":"Protection des donn\u00e9es et cookies"},"content":{"rendered":"\t\t<div data-elementor-type=\"wp-page\" data-elementor-id=\"1648\" class=\"elementor elementor-1648\" data-elementor-post-type=\"page\">\n\t\t\t\t\t\t<section class=\"elementor-section elementor-top-section elementor-element elementor-element-6c5644c elementor-section-boxed elementor-section-height-default elementor-section-height-default\" data-id=\"6c5644c\" data-element_type=\"section\" data-e-type=\"section\">\n\t\t\t\t\t\t<div class=\"elementor-container elementor-column-gap-default\">\n\t\t\t\t\t<div class=\"elementor-column elementor-col-100 elementor-top-column elementor-element elementor-element-759c98e\" data-id=\"759c98e\" data-element_type=\"column\" data-e-type=\"column\">\n\t\t\t<div class=\"elementor-widget-wrap elementor-element-populated\">\n\t\t\t\t\t\t<div class=\"elementor-element elementor-element-9af75f0 animated-slow elementor-invisible elementor-widget elementor-widget-heading\" data-id=\"9af75f0\" data-element_type=\"widget\" data-e-type=\"widget\" data-settings=\"{&quot;_animation&quot;:&quot;fadeIn&quot;,&quot;_animation_tablet&quot;:&quot;none&quot;}\" data-widget_type=\"heading.default\">\n\t\t\t\t<div class=\"elementor-widget-container\">\n\t\t\t\t\t<h1 class=\"elementor-heading-title elementor-size-default\">Protection des donn\u00e9es et cookies<\/h1>\t\t\t\t<\/div>\n\t\t\t\t<\/div>\n\t\t\t\t<div class=\"elementor-element elementor-element-88a728c animated-slow elementor-invisible elementor-widget elementor-widget-heading\" data-id=\"88a728c\" data-element_type=\"widget\" data-e-type=\"widget\" data-settings=\"{&quot;_animation&quot;:&quot;fadeIn&quot;,&quot;_animation_tablet&quot;:&quot;none&quot;,&quot;_animation_delay&quot;:300}\" data-widget_type=\"heading.default\">\n\t\t\t\t<div class=\"elementor-widget-container\">\n\t\t\t\t\t<p class=\"elementor-heading-title elementor-size-default\">NEPTWEEN DIGITAL SAS<\/p>\t\t\t\t<\/div>\n\t\t\t\t<\/div>\n\t\t\t\t<div class=\"elementor-element elementor-element-31a03c4 elementor-widget elementor-widget-spacer\" data-id=\"31a03c4\" data-element_type=\"widget\" data-e-type=\"widget\" data-widget_type=\"spacer.default\">\n\t\t\t\t<div class=\"elementor-widget-container\">\n\t\t\t\t\t\t\t<div class=\"elementor-spacer\">\n\t\t\t<div class=\"elementor-spacer-inner\"><\/div>\n\t\t<\/div>\n\t\t\t\t\t\t<\/div>\n\t\t\t\t<\/div>\n\t\t\t\t\t<\/div>\n\t\t<\/div>\n\t\t\t\t\t<\/div>\n\t\t<\/section>\n\t\t\t\t<section class=\"elementor-section elementor-top-section elementor-element elementor-element-1fcb2d8 elementor-section-boxed elementor-section-height-default elementor-section-height-default\" data-id=\"1fcb2d8\" data-element_type=\"section\" data-e-type=\"section\">\n\t\t\t\t\t\t<div class=\"elementor-container elementor-column-gap-no\">\n\t\t\t\t\t<div class=\"elementor-column elementor-col-100 elementor-top-column elementor-element elementor-element-5923213\" data-id=\"5923213\" data-element_type=\"column\" data-e-type=\"column\">\n\t\t\t<div class=\"elementor-widget-wrap elementor-element-populated\">\n\t\t\t\t\t\t<div class=\"elementor-element elementor-element-6acf5a5 elementor-widget elementor-widget-heading\" data-id=\"6acf5a5\" data-element_type=\"widget\" data-e-type=\"widget\" data-widget_type=\"heading.default\">\n\t\t\t\t<div class=\"elementor-widget-container\">\n\t\t\t\t\t<h3 class=\"elementor-heading-title elementor-size-default\">Politique de protection des donn\u00e9es \u00e0 caract\u00e8re personnel<\/h3>\t\t\t\t<\/div>\n\t\t\t\t<\/div>\n\t\t\t\t<div class=\"elementor-element elementor-element-d10225c elementor-widget elementor-widget-text-editor\" data-id=\"d10225c\" data-element_type=\"widget\" data-e-type=\"widget\" data-widget_type=\"text-editor.default\">\n\t\t\t\t<div class=\"elementor-widget-container\">\n\t\t\t\t\t\t\t\t\t<p>Nous prenons tr\u00e8s au s\u00e9rieux le respect de la vie priv\u00e9e et la protection des donn\u00e9es \u00e0 caract\u00e8re personnel. C\u2019est la raison pour laquelle nous nous engageons \u00e0 traiter les donn\u00e9es \u00e0 caract\u00e8re personnel conform\u00e9ment aux r\u00e8glementations nationales applicables et au r\u00e8glement (UE) 2016\/679 du Parlement europ\u00e9en et du Conseil (R\u00e8glement g\u00e9n\u00e9ral sur la protection des donn\u00e9es ou RGPD), relatif \u00e0 la protection des personnes physiques \u00e0 l\u2019\u00e9gard du traitement des donn\u00e9es \u00e0 caract\u00e8re personnel, entr\u00e9 en vigueur le 25 mai 2018. \u00c0 cet \u00e9gard, nous avons fond\u00e9 notre politique de protection des donn\u00e9es \u00e0 caract\u00e8re personnel sur les principes \u00e9dict\u00e9s par le RGPD et les r\u00e8glementations nationales applicables.<\/p>\t\t\t\t\t\t\t\t<\/div>\n\t\t\t\t<\/div>\n\t\t\t\t<div class=\"elementor-element elementor-element-4a7087e elementor-widget elementor-widget-heading\" data-id=\"4a7087e\" data-element_type=\"widget\" data-e-type=\"widget\" data-widget_type=\"heading.default\">\n\t\t\t\t<div class=\"elementor-widget-container\">\n\t\t\t\t\t<h3 class=\"elementor-heading-title elementor-size-default\">Pourquoi traitons-nous vos donn\u00e9es \u00e0 caract\u00e8re personnel et sur quels fondements?<\/h3>\t\t\t\t<\/div>\n\t\t\t\t<\/div>\n\t\t\t\t<div class=\"elementor-element elementor-element-ff17bec elementor-widget elementor-widget-text-editor\" data-id=\"ff17bec\" data-element_type=\"widget\" data-e-type=\"widget\" data-widget_type=\"text-editor.default\">\n\t\t\t\t<div class=\"elementor-widget-container\">\n\t\t\t\t\t\t\t\t\t<p>Nous ne traitons vos donn\u00e9es \u00e0 caract\u00e8re personnel que pour des finalit\u00e9s d\u00e9termin\u00e9es, explicites et l\u00e9gitimes.<\/p><p>En vertu du RGPD, les motifs principaux invoqu\u00e9s pour traiter les donn\u00e9es \u00e0 caract\u00e8re personnel sont les suivants :<\/p><p>a) le traitement est n\u00e9cessaire \u00e0 la conclusion ou \u00e0 l\u2019ex\u00e9cution d\u2019un contrat : Nous pourrons \u00eatre amen\u00e9 \u00e0 traiter vos donn\u00e9es \u00e0 caract\u00e8re personnel pour l\u2019ex\u00e9cution des engagements pris avec un co-contractant, la gestion du contrat, de la facturation et le suivi de la relation contractuelle ;<\/p><p>b) le traitement est n\u00e9cessaire au respect d\u2019une obligation l\u00e9gale : nous sommes soumis \u00e0 certaines exigences l\u00e9gales pouvant n\u00e9cessiter que nous traitions vos donn\u00e9es \u00e0 caract\u00e8re personnel. Nous pourrions \u00e9galement \u00eatre tenus par la loi de divulguer vos donn\u00e9es \u00e0 caract\u00e8re personnel \u00e0 un organisme de r\u00e8glementation ou charg\u00e9 de l\u2019application de la loi, dans le respect du RGPD et des l\u00e9gislations nationales ;<\/p><p>c) le traitement est n\u00e9cessaire aux fins des int\u00e9r\u00eats l\u00e9gitimes : nous devrons, ou un tiers devra, traiter vos donn\u00e9es \u00e0 caract\u00e8re personnel aux fins des int\u00e9r\u00eats l\u00e9gitimes poursuivis par nous, \u00e0 condition d\u2019avoir \u00e9tabli que vos droits et libert\u00e9s ne pr\u00e9valent pas sur ces int\u00e9r\u00eats, y compris votre droit \u00e0 la protection de vos donn\u00e9es \u00e0 caract\u00e8re personnel;<\/p><p>d) Consentement : nous pourrions vous demander, dans certaines circonstances, votre consentement au traitement de vos donn\u00e9es \u00e0 caract\u00e8re personnel d\u2019une mani\u00e8re particuli\u00e8re.<\/p>\t\t\t\t\t\t\t\t<\/div>\n\t\t\t\t<\/div>\n\t\t\t\t<div class=\"elementor-element elementor-element-066c896 elementor-widget elementor-widget-heading\" data-id=\"066c896\" data-element_type=\"widget\" data-e-type=\"widget\" data-widget_type=\"heading.default\">\n\t\t\t\t<div class=\"elementor-widget-container\">\n\t\t\t\t\t<h3 class=\"elementor-heading-title elementor-size-default\">Quelles sont les donn\u00e9es \u00e0 caract\u00e8re personnel trait\u00e9es ?<\/h3>\t\t\t\t<\/div>\n\t\t\t\t<\/div>\n\t\t\t\t<div class=\"elementor-element elementor-element-783a250 elementor-widget elementor-widget-text-editor\" data-id=\"783a250\" data-element_type=\"widget\" data-e-type=\"widget\" data-widget_type=\"text-editor.default\">\n\t\t\t\t<div class=\"elementor-widget-container\">\n\t\t\t\t\t\t\t\t\t<p>Nous ne traitons vos donn\u00e9es \u00e0 caract\u00e8re personnel que pour des finalit\u00e9s d\u00e9termin\u00e9es, explicites et l\u00e9gitimes.<\/p><p>En vertu du RGPD, les motifs principaux invoqu\u00e9s pour traiter les donn\u00e9es \u00e0 caract\u00e8re personnel sont les suivants :<\/p><p>a) le traitement est n\u00e9cessaire \u00e0 la conclusion ou \u00e0 l\u2019ex\u00e9cution d\u2019un contrat : Nous pourrons \u00eatre amen\u00e9 \u00e0 traiter vos donn\u00e9es \u00e0 caract\u00e8re personnel pour l\u2019ex\u00e9cution des engagements pris avec un co-contractant, la gestion du contrat, de la facturation et le suivi de la relation contractuelle ;<\/p><p>b) le traitement est n\u00e9cessaire au respect d\u2019une obligation l\u00e9gale : nous sommes soumis \u00e0 certaines exigences l\u00e9gales pouvant n\u00e9cessiter que nous traitions vos donn\u00e9es \u00e0 caract\u00e8re personnel. Nous pourrions \u00e9galement \u00eatre tenus par la loi de divulguer vos donn\u00e9es \u00e0 caract\u00e8re personnel \u00e0 un organisme de r\u00e8glementation ou charg\u00e9 de l\u2019application de la loi, dans le respect du RGPD et des l\u00e9gislations nationales ;<\/p><p>c) le traitement est n\u00e9cessaire aux fins des int\u00e9r\u00eats l\u00e9gitimes : nous devrons, ou un tiers devra, traiter vos donn\u00e9es \u00e0 caract\u00e8re personnel aux fins des int\u00e9r\u00eats l\u00e9gitimes poursuivis par nous, \u00e0 condition d\u2019avoir \u00e9tabli que vos droits et libert\u00e9s ne pr\u00e9valent pas sur ces int\u00e9r\u00eats, y compris votre droit \u00e0 la protection de vos donn\u00e9es \u00e0 caract\u00e8re personnel;<\/p><p>d) Consentement : nous pourrions vous demander, dans certaines circonstances, votre consentement au traitement de vos donn\u00e9es \u00e0 caract\u00e8re personnel d\u2019une mani\u00e8re particuli\u00e8re.<\/p>\t\t\t\t\t\t\t\t<\/div>\n\t\t\t\t<\/div>\n\t\t\t\t<div class=\"elementor-element elementor-element-d40b075 elementor-widget elementor-widget-heading\" data-id=\"d40b075\" data-element_type=\"widget\" data-e-type=\"widget\" data-widget_type=\"heading.default\">\n\t\t\t\t<div class=\"elementor-widget-container\">\n\t\t\t\t\t<h3 class=\"elementor-heading-title elementor-size-default\">Combien de temps les donn\u00e9es personnelles sont-elles conserv\u00e9es?<\/h3>\t\t\t\t<\/div>\n\t\t\t\t<\/div>\n\t\t\t\t<div class=\"elementor-element elementor-element-9e1f706 elementor-widget elementor-widget-text-editor\" data-id=\"9e1f706\" data-element_type=\"widget\" data-e-type=\"widget\" data-widget_type=\"text-editor.default\">\n\t\t\t\t<div class=\"elementor-widget-container\">\n\t\t\t\t\t\t\t\t\t<p>Les donn\u00e9es \u00e0 caract\u00e8re personnel collect\u00e9es et trait\u00e9es dans les contextes d\u00e9crits dans la pr\u00e9sente Politique sont conserv\u00e9es pour des dur\u00e9es \u00e9tablies conform\u00e9ment aux r\u00e8glementations nationales applicables et d\u00e9finies dans le registre de traitement des donn\u00e9es \u00e0 caract\u00e8re personnel. Ces dur\u00e9es sont disponibles sur simple demande aupr\u00e8s du D\u00e9l\u00e9gu\u00e9 \u00e0 la Protection des Donn\u00e9es.<\/p>\t\t\t\t\t\t\t\t<\/div>\n\t\t\t\t<\/div>\n\t\t\t\t\t<\/div>\n\t\t<\/div>\n\t\t\t\t\t<\/div>\n\t\t<\/section>\n\t\t\t\t<\/div>\n\t\t","protected":false},"excerpt":{"rendered":"<p>Protection des donn\u00e9es et cookies NEPTWEEN DIGITAL SAS Politique de protection des donn\u00e9es \u00e0 caract\u00e8re personnel Nous prenons tr\u00e8s au s\u00e9rieux le respect de la vie priv\u00e9e et la protection des donn\u00e9es \u00e0 caract\u00e8re personnel. C\u2019est la raison pour laquelle nous nous engageons \u00e0 traiter les donn\u00e9es \u00e0 caract\u00e8re personnel conform\u00e9ment aux r\u00e8glementations nationales applicables&#8230;<\/p>\n","protected":false},"author":1,"featured_media":0,"parent":0,"menu_order":0,"comment_status":"closed","ping_status":"closed","template":"","meta":{"footnotes":""},"class_list":["post-1648","page","type-page","status-publish","hentry"],"yoast_head":"<!-- This site is optimized with the Yoast SEO plugin v27.2 - https:\/\/yoast.com\/product\/yoast-seo-wordpress\/ -->\n<title>Protection des donn\u00e9es et cookies - NEPTWEEN DIGITAL<\/title>\n<meta name=\"robots\" content=\"noindex, follow, max-snippet:-1, max-image-preview:large, max-video-preview:-1\" \/>\n<meta property=\"og:locale\" content=\"fr_FR\" \/>\n<meta property=\"og:type\" content=\"article\" \/>\n<meta property=\"og:title\" content=\"Protection des donn\u00e9es et cookies - NEPTWEEN DIGITAL\" \/>\n<meta property=\"og:description\" content=\"Protection des donn\u00e9es et cookies NEPTWEEN DIGITAL SAS Politique de protection des donn\u00e9es \u00e0 caract\u00e8re personnel Nous prenons tr\u00e8s au s\u00e9rieux le respect de la vie priv\u00e9e et la protection des donn\u00e9es \u00e0 caract\u00e8re personnel. C\u2019est la raison pour laquelle nous nous engageons \u00e0 traiter les donn\u00e9es \u00e0 caract\u00e8re personnel conform\u00e9ment aux r\u00e8glementations nationales applicables...\" \/>\n<meta property=\"og:url\" content=\"https:\/\/digital.neptween.com\/?page_id=1648\" \/>\n<meta property=\"og:site_name\" content=\"NEPTWEEN DIGITAL\" \/>\n<meta property=\"article:modified_time\" content=\"2024-10-06T14:09:52+00:00\" \/>\n<meta name=\"twitter:card\" content=\"summary_large_image\" \/>\n<meta name=\"twitter:label1\" content=\"Dur\u00e9e de lecture estim\u00e9e\" \/>\n\t<meta name=\"twitter:data1\" content=\"4 minutes\" \/>\n<script type=\"application\/ld+json\" class=\"yoast-schema-graph\">{\"@context\":\"https:\/\/schema.org\",\"@graph\":[{\"@type\":\"WebPage\",\"@id\":\"https:\/\/digital.neptween.com\/?page_id=1648\",\"url\":\"https:\/\/digital.neptween.com\/?page_id=1648\",\"name\":\"Protection des donn\u00e9es et cookies - NEPTWEEN DIGITAL\",\"isPartOf\":{\"@id\":\"https:\/\/digital.neptween.com\/#website\"},\"datePublished\":\"2023-03-16T13:53:41+00:00\",\"dateModified\":\"2024-10-06T14:09:52+00:00\",\"breadcrumb\":{\"@id\":\"https:\/\/digital.neptween.com\/?page_id=1648#breadcrumb\"},\"inLanguage\":\"fr-FR\",\"potentialAction\":[{\"@type\":\"ReadAction\",\"target\":[\"https:\/\/digital.neptween.com\/?page_id=1648\"]}]},{\"@type\":\"BreadcrumbList\",\"@id\":\"https:\/\/digital.neptween.com\/?page_id=1648#breadcrumb\",\"itemListElement\":[{\"@type\":\"ListItem\",\"position\":1,\"name\":\"Home\",\"item\":\"https:\/\/digital.neptween.com\/\"},{\"@type\":\"ListItem\",\"position\":2,\"name\":\"Protection des donn\u00e9es et cookies\"}]},{\"@type\":\"WebSite\",\"@id\":\"https:\/\/digital.neptween.com\/#website\",\"url\":\"https:\/\/digital.neptween.com\/\",\"name\":\"NEPTWEEN DIGITAL\",\"description\":\"\",\"publisher\":{\"@id\":\"https:\/\/digital.neptween.com\/#organization\"},\"potentialAction\":[{\"@type\":\"SearchAction\",\"target\":{\"@type\":\"EntryPoint\",\"urlTemplate\":\"https:\/\/digital.neptween.com\/?s={search_term_string}\"},\"query-input\":{\"@type\":\"PropertyValueSpecification\",\"valueRequired\":true,\"valueName\":\"search_term_string\"}}],\"inLanguage\":\"fr-FR\"},{\"@type\":\"Organization\",\"@id\":\"https:\/\/digital.neptween.com\/#organization\",\"name\":\"NEPTWEEN DIGITAL\",\"url\":\"https:\/\/digital.neptween.com\/\",\"logo\":{\"@type\":\"ImageObject\",\"inLanguage\":\"fr-FR\",\"@id\":\"https:\/\/digital.neptween.com\/#\/schema\/logo\/image\/\",\"url\":\"https:\/\/digital.neptween.com\/wp-content\/uploads\/2023\/11\/ND_LOGO_V2.png\",\"contentUrl\":\"https:\/\/digital.neptween.com\/wp-content\/uploads\/2023\/11\/ND_LOGO_V2.png\",\"width\":832,\"height\":239,\"caption\":\"NEPTWEEN DIGITAL\"},\"image\":{\"@id\":\"https:\/\/digital.neptween.com\/#\/schema\/logo\/image\/\"}}]}<\/script>\n<!-- \/ Yoast SEO plugin. -->","yoast_head_json":{"title":"Protection des donn\u00e9es et cookies - NEPTWEEN DIGITAL","robots":{"index":"noindex","follow":"follow","max-snippet":"max-snippet:-1","max-image-preview":"max-image-preview:large","max-video-preview":"max-video-preview:-1"},"og_locale":"fr_FR","og_type":"article","og_title":"Protection des donn\u00e9es et cookies - NEPTWEEN DIGITAL","og_description":"Protection des donn\u00e9es et cookies NEPTWEEN DIGITAL SAS Politique de protection des donn\u00e9es \u00e0 caract\u00e8re personnel Nous prenons tr\u00e8s au s\u00e9rieux le respect de la vie priv\u00e9e et la protection des donn\u00e9es \u00e0 caract\u00e8re personnel. C\u2019est la raison pour laquelle nous nous engageons \u00e0 traiter les donn\u00e9es \u00e0 caract\u00e8re personnel conform\u00e9ment aux r\u00e8glementations nationales applicables...","og_url":"https:\/\/digital.neptween.com\/?page_id=1648","og_site_name":"NEPTWEEN DIGITAL","article_modified_time":"2024-10-06T14:09:52+00:00","twitter_card":"summary_large_image","twitter_misc":{"Dur\u00e9e de lecture estim\u00e9e":"4 minutes"},"schema":{"@context":"https:\/\/schema.org","@graph":[{"@type":"WebPage","@id":"https:\/\/digital.neptween.com\/?page_id=1648","url":"https:\/\/digital.neptween.com\/?page_id=1648","name":"Protection des donn\u00e9es et cookies - NEPTWEEN DIGITAL","isPartOf":{"@id":"https:\/\/digital.neptween.com\/#website"},"datePublished":"2023-03-16T13:53:41+00:00","dateModified":"2024-10-06T14:09:52+00:00","breadcrumb":{"@id":"https:\/\/digital.neptween.com\/?page_id=1648#breadcrumb"},"inLanguage":"fr-FR","potentialAction":[{"@type":"ReadAction","target":["https:\/\/digital.neptween.com\/?page_id=1648"]}]},{"@type":"BreadcrumbList","@id":"https:\/\/digital.neptween.com\/?page_id=1648#breadcrumb","itemListElement":[{"@type":"ListItem","position":1,"name":"Home","item":"https:\/\/digital.neptween.com\/"},{"@type":"ListItem","position":2,"name":"Protection des donn\u00e9es et cookies"}]},{"@type":"WebSite","@id":"https:\/\/digital.neptween.com\/#website","url":"https:\/\/digital.neptween.com\/","name":"NEPTWEEN DIGITAL","description":"","publisher":{"@id":"https:\/\/digital.neptween.com\/#organization"},"potentialAction":[{"@type":"SearchAction","target":{"@type":"EntryPoint","urlTemplate":"https:\/\/digital.neptween.com\/?s={search_term_string}"},"query-input":{"@type":"PropertyValueSpecification","valueRequired":true,"valueName":"search_term_string"}}],"inLanguage":"fr-FR"},{"@type":"Organization","@id":"https:\/\/digital.neptween.com\/#organization","name":"NEPTWEEN DIGITAL","url":"https:\/\/digital.neptween.com\/","logo":{"@type":"ImageObject","inLanguage":"fr-FR","@id":"https:\/\/digital.neptween.com\/#\/schema\/logo\/image\/","url":"https:\/\/digital.neptween.com\/wp-content\/uploads\/2023\/11\/ND_LOGO_V2.png","contentUrl":"https:\/\/digital.neptween.com\/wp-content\/uploads\/2023\/11\/ND_LOGO_V2.png","width":832,"height":239,"caption":"NEPTWEEN DIGITAL"},"image":{"@id":"https:\/\/digital.neptween.com\/#\/schema\/logo\/image\/"}}]}},"_links":{"self":[{"href":"https:\/\/digital.neptween.com\/index.php?rest_route=\/wp\/v2\/pages\/1648","targetHints":{"allow":["GET"]}}],"collection":[{"href":"https:\/\/digital.neptween.com\/index.php?rest_route=\/wp\/v2\/pages"}],"about":[{"href":"https:\/\/digital.neptween.com\/index.php?rest_route=\/wp\/v2\/types\/page"}],"author":[{"embeddable":true,"href":"https:\/\/digital.neptween.com\/index.php?rest_route=\/wp\/v2\/users\/1"}],"replies":[{"embeddable":true,"href":"https:\/\/digital.neptween.com\/index.php?rest_route=%2Fwp%2Fv2%2Fcomments&post=1648"}],"version-history":[{"count":10,"href":"https:\/\/digital.neptween.com\/index.php?rest_route=\/wp\/v2\/pages\/1648\/revisions"}],"predecessor-version":[{"id":989422,"href":"https:\/\/digital.neptween.com\/index.php?rest_route=\/wp\/v2\/pages\/1648\/revisions\/989422"}],"wp:attachment":[{"href":"https:\/\/digital.neptween.com\/index.php?rest_route=%2Fwp%2Fv2%2Fmedia&parent=1648"}],"curies":[{"name":"wp","href":"https:\/\/api.w.org\/{rel}","templated":true}]}}